 + 11*p**2. Determine d(-10).
14
Let f(b) = 9*b**2 + 23*b. Let c(v) = -44*v**2 - 126*v. Let d(h) = 2*c(h) + 11*f(h). Suppose -3*i - 2*y + 1 = -8*i, 3*y = -i - 7. What is d(i)?
10
Let a = -1401 + 1408. Let v(k) = -k**3 + 6*k - 46 + 3*k**2 + 3*k**2 + 36. Give v(a).
-17
Let r(l) = 5*l - 11. Suppose -5*o + 68 = d, 56*o = 54*o - 16*d - 4. Calculate r(o).
59
Let q(m) be the third derivative of 1/24*m**4 - 25*m + 0 - 1/10*m**5 + 7/6*m**3 - 1/120*m**6 + 2*m**2. What is q(-5)?
-23
Let r(d) = -3*d**2 + 3*d + 3. Let t be r(2). Let v(o) = -o**3 + 56*o**2 + 5*o**2 - 66*o**2 - 1 - 4*o. Calculate v(t).
-7
Let j(s) = 56 - 118 - 8*s - 4*s - 5*s + 63. Let o(f) = -f**2 - 15*f + 127. Let u be o(6). Give j(u).
-16
Let x(b) = -3*b + 8. Suppose 180 = 2*j + 8*j. Suppose -3*g = -5*g - 3*v + j, 0 = 4*g - v - 22. Calculate x(g).
-10
Let q(m) = m**2 + 15*m + 4. Suppose -63*i = -17*i - 31*i + 195. What is q(i)?
-22
Suppose 5*m + 3 = 2*m - 5*l, 3*m + 3 = 2*l. Suppose -q + 2*q - 3 = 0. Let n(k) = -3*k**3 + 0*k**3 - 4*k**q - k - 2*k**2. Give n(m).
6
Suppose 179*w + 5568 = -502*w + 1482. Let c(a) = -a**2 - a + 45. Determine c(w).
15
Let a(i) = -10*i + 214. Let q(b) = 11. Let c(o) = a(o) - 15*q(o). Determine c(0).
49
Let x be (-7)/4*(-27 + 31). Let p(a) = -5*a - 34. Calculate p(x).
1
Let r(o) = -o**3 + o**2 - 2. Suppose -24*w + 116*w = -184. Calculate r(w).
10
Let q be (((-7)/2)/(-7))/(4/32). Let o be 7/4*q - 3 - -4. Let l(w) = 5*w - 10. What is l(o)?
30
Let f = 3149 + -3140. Let r(k) = 2*k - 16. What is r(f)?
2
Let x(h) be the first derivative of h**4/12 - h**3/2 - 50*h - 56. Let s(y) be the first derivative of x(y). Calculate s(3).
0
Let y(k) be the first derivative of -9*k**2/2 - 52. Let m be (-6)/2*6/(-18). What is y(m)?
-9
Let g(c) = 2*c**3 - 13*c**2 - 6*c. Let d(j) = -2*j**3 + 15*j**2 + 7*j. Let m(f) = 5*d(f) + 6*g(f). Let p(u) = u - 6. Let l be p(9). What is m(l)?
24
Let x = -86 + 93. Let k(b) be the second derivative of -b**3/3 + 4*b**2 - 2*b - 48. Calculate k(x).
-6
Let w(y) be the third derivative of -y**6/120 + 7*y**5/60 - 3*y**4/8 + y**3/2 - 15*y**2 + 2*y - 21. Give w(6).
-15
Suppose 33*r + 9 = 36*r. Let l(y) = -8*y**2 + 7*y + 0*y + y**r + 841 - 835 - 2*y. Let x be -1 + (5 - -1) - 234/(-117). Calculate l(x).
-8
Let k(u) = 2*u**2 - 7*u - 2. Let q be k(4). Suppose -q*h = -6 - 0. Let d(c) = 40 - 2*c + c + h*c - 43. Give d(4).
5
Let r = -7343 + 7336. Let g(n) = 22*n + 117. Give g(r).
-37
Let w = -8459 - -8456. Let g(t) = 27*t + 10. Calculate g(w).
-71
Let o = 7 - 7. Let g be 46/11 - 88/484. Let n(m) = -g*m - m + 4*m. Give n(o).
0
Let x(i) = i**3 + 2*i**2 + i + 1. Let d(y) = 6*y**3 + 6*y**2 + 6. Suppose -5*b + 20 = -5*p, 6*b + 3*p - 8 = 5*b. Let w(v) = b*x(v) - d(v). Determine w(5).
-1
Let u(p) = 3*p**2 + 21*p - 19. Let b(n) = -n**2 - 5*n + 4. Let l(k) = k**2 + 4*k - 3. Let z(j) = -6*b(j) - 5*l(j). Let h(m) = 2*u(m) - 5*z(m). Determine h(6).
-5
Let v(k) = -k**3 + 6*k + 1. Let y = -42829 - -42826. Calculate v(y).
10
Let s(y) = -y**3 + y**2 - 3*y + 3. Suppose 0 = 7*m - 2*m. Suppose -4 + 1 = -17*d + 711. Suppose -46*b + d*b + 8 = m. Determine s(b).
-7
Let r(h) = -1794*h + 3 + 3564*h + 1 - 1771*h + 1. What is r(-9)?
14
Let l(t) = t**2 - 9*t + 5. Let w(p) = 10*p - 119. Let u be w(16). Suppose -2*k + 57 = u. Calculate l(k).
-3
Let n(b) = -2*b + 8. Suppose 0 = 15*l - 19*l + 12. Suppose 803 = -5*s + l*g, 4*g + 0*g = 4. Let r be (s/30 - -6) + 16/3. Calculate n(r).
-4
Suppose -246*w + 115 = -223*w. Let l(g) = -g - 9. Calculate l(w).
-14
Let h(o) = -14*o + 136. Let d(q) = 3*q**3 + 17*q**2 - 4*q + 22. Let s be d(-6). Determine h(s).
-4
Let d(m) = m**3 + 8*m**2 + 11*m + 8. Suppose -4*b - 3*t = 3, b + 3*t = 4*t + 1. Suppose b = -0*n - 5*n + 10. Let o = -5 - n. Calculate d(o).
-20
Let m = -133 + 135. Suppose 2*u = u + 15. Let y(q) = 16 + m*q + u - 30. Give y(-3).
-5
Suppose 4*f + 37 = -o + 64, -2*f + 51 = 3*o. Let u be 2*o/6 - (-8 + 6). Let x(i) = -i**2 + 6*i + 4. Determine x(u).
-3
Let y(d) = 24*d**3 + 20*d**2 - 26*d - 47. Let p(f) = -11*f**3 - 10*f**2 + 13*f + 23. Let o(c) = -13*p(c) - 6*y(c). Give o(8).
7
Let a be -1*((-60)/100)/((-1)/5). Let q be (-1*(a + 3))/4. Let t(y) = -y**3 + y**2 - y + 1. Calculate t(q).
1
Let k = -6689 - -6687. Let a(h) = 11*h**2 - 7*h - 11. Determine a(k).
47
Suppose -2*d - 2*z + 12 = 0, 30*d - 22 = 28*d + 3*z. Let k(x) = -x**3 + 12*x**2 - 33*x - 7. Give k(d).
-15
Let g(q) = q + 2. Let h be g(3). Let d(v) = -11*v**2 + 7*v - 10. Let k = -11 + 19. Let n(l) = 4*l**2 - 2*l + 3. Let f(r) = k*n(r) + 3*d(r). What is f(h)?
-6
Suppose -2*q = -23 - 49. Suppose -33*c = -q*c + 9. Let p(d) = -14*d**c - 1 + 13*d**3 - 4*d - 10*d**2 + 6*d**2. Determine p(-3).
2
Let p(x) be the third derivative of -6*x**2 + 0*x + 1/12*x**4 + 1 + 5/3*x**3 - 1/6*x**5 - 1/120*x**6. Give p(-10).
-10
Let y(q) = -31*q + 36. Let h(c) = 36*c - 40. Let n(t) = 6*h(t) + 7*y(t). Give n(-5).
17
Let b(v) = v**3 + 5*v**2 + v + 3. Let k(h) = 7*h + 27. Let l be k(-6). Let t(s) = s**3 + 15*s**2 - 4*s - 34. Let c be t(l). Let a = c + -31. Calculate b(a).
-2
Suppose 3*i - 1 = -4. Let r = i - -3. Let a(g) = g**2 + 6*g - 3*g + 956*g**3 - 3 - 1915*g**3 + 958*g**3. Give a(r).
-1
Let j(b) = -35*b**2 + 6*b**2 + 1 - 7528*b + 7529*b. Let a = -284 + 283. Calculate j(a).
-29
Suppose -5*p - 500 = -2*q, 10*q - 9*q - 397 = 4*p. Let w be 20/(-7) + 14/p. Let h(t) be the second derivative of t**4/12 + 5*t**3/6 + 2*t**2 + t. Give h(w).
-2
Let x(y) = -2*y**2 + 5*y - 9. Suppose -94*i - 595 = 627. Let q(n) = 1 - 2*n - 2 + 5 + n**2. Let m(b) = i*q(b) - 6*x(b). What is m(-5)?
-3
Let v(q) be the third derivative of q**6/120 - q**5/10 - q**4/8 + 3*q**3/2 - 324*q**2. Suppose -5*a - 5 = -35. Calculate v(a).
-9
Let a(c) = -97*c - 1 + 213*c - 104*c - c**2. Calculate a(13).
-14
Let s = 2632/15 + -10523/60. Let g(r) be the second derivative of 0 - 1/2*r**3 + s*r**4 - 3/2*r**2 + 15*r. Give g(4).
1
Suppose 5 = -5*f + t + 17, -24 = -4*f - 4*t. Let v(u) = -29*u**2 - 36*u**2 - 27*u**2 + 91*u**2 + f - 7*u. Give v(-4).
15
Suppose 4*i = 4 - 12, 2*b + 5*i + 14 = 0. Let u(z) = 5*z**3 - z**2 + z + 3. Let y(c) = 2*c**3 - 2*c**2 + c + 2. Let h(x) = b*y(x) + u(x). What is h(-4)?
-13
Let k(r) be the third derivative of -r**8/20160 - r**7/1008 + 11*r**5/60 + 47*r**2. Let x(g) be the third derivative of k(g). Determine x(-4).
4
Let u be 1007/5 - (-30)/50. Let q(o) = -6 - o**2 - 1 + 195*o + 4 - u*o. Let v be q(-7). Let y(s) = s**3 + 3*s**2 + s + 3. Determine y(v).
0
Let g be (2 + 7)/(147/(-98)). Let r(c) be the second derivative of c**5/20 + c**4/2 - c**3/6 - 4*c**2 + 7*c. Determine r(g).
-2
Let r(n) = -3*n**3 - 2*n**2 + 6*n - 1. Suppose -159*q + 174*q - 36 - 9 = 0. Calculate r(q).
-82
Let h(s) = -s**2 - 4*s + 1. Let o(g) = g**3 - 6*g**2 - 4*g - 17. Let t be o(7). Suppose -t*n = -20, 2*n = 2*r - 4*r. Calculate h(r).
-4
Let z(j) = j**2 - 57*j + 712. Let a be z(38). Let h(n) be the third derivative of -n**5/60 - 11*n**4/24 - n**3/3 - 3*n**2. Give h(a).
8
Suppose 0 = -3*j + 5*b - 9, 0 = 2*j - j + 2*b + 3. Let y be (-576)/(-108) + 1/j - 2. Let d(m) = -m - 5. What is d(y)?
-8
Suppose -7 = 2*x - x + 2*n, 2*x - 5*n = 22. Let o be 2/(-1 - -5)*4. Let q(h) = 4*h + 2*h**o + 3 - 5*h + 10*h**2 - 2. Calculate q(x).
12
Let t(q) = -2*q**2 - 3*q + 49. Suppose 0 = -5*m + 659 - 639. What is t(m)?
5
Let p(k) = -5*k - 129. Let f(h) = 2*h + 55. Let b(o) = -14*f(o) - 6*p(o). What is b(4)?
12
Let z(x) = -13*x - 5. Let g(p) = 18*p + 5. Let j(n) = -5*g(n) - 7*z(n). Give j(13).
23
Suppose -13 - 57 = -5*g. Suppose -v = -2*v + 5*b + 17, 2*b + g = -2*v. Let f(u) = 21*u - 16. Let m(x) = 4*x - 3. Let s(h) = -2*f(h) + 11*m(h). Determine s(v).
-7
Suppose 364*t + 300 = 304*t. Let g(h) = -h**3 - 6*h**2 - 4*h. Give g(t).
-5
Let z(q) = 3*q**2 + 45*q - 97. Let k be z(2). Let x(n) = 20*n - 95. What is x(k)?
5
Let x(p) = 0*p - 4*p + 2*p + p - 4. Suppose 464*y - 199 + 99 + 1492 = 0. Calculate x(y).
-1
Let z(j) be the third derivative of -j**4/24 - 2*j**3/3 - j**2. Suppose i + 4*l + 2 + 4 = 0, -18 = 3*i - 2*l. Determine z(i).
2
Let h = 23 + -21. Let q = -272 - -292. Suppose -h*w = q - 10. Let d(p) = p**3 + 6*p**2 + 8*p + 7. What is d(w)?
-8
Let l be (1680/72)/(-35) - 46/(-6). Let k(x) = x - 1. Let h(y) = 7*y - 9. Let c(z) = -h(z) + 3*k(z). Determine c(l).
-22
Let m(a) = 3*a**2 + 22*a + 12. Let